
What is 3 + (-1 - 8) + 1 + 7 + 0?
2
Evaluate -4 - -7 - 11 - -11 - 17.
-14
What is 2 + 2 + (-2 - (-9 - (-23 + 12)))?
0
What is 12 - ((-3 - -10) + 1 + -1) - 22?
-17
-4 + 3 - (16 + -19)
2
Calculate (545 - 552) + (-1 - 11).
-19
131 - 162 - (-9 - 2)
-20
Calculate (48 + -18 - (-1 + 0 + 11)) + -3.
17
Evaluate (-29 - -19) + 16 - -18.
24
-18 + 26 - 9 - 2
-3
Evaluate 4 - (-7 - -10) - (-1 - -16).
-14
Calculate 13 + 0 - (52 - 54) - (2 + 5).
8
0 - (1 - -1 - (-147 - -144))
-5
14 + (-5 - (6 + -3)) + 7 + -1
12
What is the value of -8 + (-15 - -20 - 19)?
-22
Evaluate -1 + (-1 - -31) + (-49 - -48) - 6.
22
What is -2 + (0 - -4) + (-10 - (-30 + 43))?
-21
Evaluate (-4 - -12) + (-21 - (-6 - -1)).
-8
(-7 - -15 - 10) + 1 + 7
6
Calculate 40 - 18 - (-2 - -19).
5
-16 + 5 + -13 + 8
-16
Calculate 38 - (55 - (42 - 12)).
13
(0 - 2 - (-1 - -6)) + -317 + 322
-2
Calculate -24 - 1 - (-6 - 16 - (-31 + 14)).
-20
What is the value of (-43 - 0) + (183 - 162)?
-22
Calculate -722 + 727 - (1 - (0 - 0)).
4
What is -1 + 4 + 40 + (-31 - 12)?
0
Evaluate 2 - (-2 + 7 + 24 + -18).
-9
86 + -78 + -16 + (3 - (5 + -2))
-8
What is the value of 9 - (-4 - (-8 + 14 + -8) - 8)?
19
-20 - (-8 - 7) - (7 - 2) - -45
35
What is the value of -12 + 16 - (27 + 2) - (2 + -10)?
-17
Calculate -22 + -8 + (-6 + 11 - -6).
-19
What is the value of 33 - (-2 - 8) - 14 - 12?
17
Calculate -29 - -37 - 21 - (1 + 7).
-21
Evaluate 0 - (-34 + 6 - -50).
-22
6 - 6 - 0 - 1
-1
(1 + 3 - (-5 + 10)) + (-7 - -1)
-7
Evaluate -6 + (49 - 49) + (-1 - (-1 + -4)).
-2
Calculate (5 + -3 - 2) + -859 + 850.
-9
What is the value of -4 - ((89 - 90) + 0 + 6 - 27)?
18
-69 + -70 + 131 - (-25 + (-1 - 0))
18
Calculate (8 - (7 - 4)) + -24 + -4 + 1.
-22
What is 18 - (-33 + -15 + 99)?
-33
8 - (-7 + (1 - -7) - -13)
-6
What is 26 - (20 + 2 - 6)?
10
(2 - -1 - -1) + -22 + 11 + 18
11
Evaluate 2 + (2 - 0 - 2) + -96 + 74.
-20
-15 - (-24 + 5) - -8
12
Evaluate (-1 - 12) + (8 - (53 + -44)).
-14
What is the value of (-8 - (1 + -8)) + 2 + -2?
-1
Calculate -7 - -1 - (25 - 17 - -7).
-21
What is -11 - (-7 - -1 - (-1 - -1))?
-5
Evaluate -11 - (4 + (12 - (11 + 15))).
-1
What is the value of 2 - 1 - (5 - ((-6 - -4) + 7))?
1
-6 + 44 + -12 - 12
14
What is 1 + 4 + (-8 - -27 - 20) + -18?
-14
2 - 0 - (-23 - -29)
-4
What is 9 - (4 + 9 + -4)?
0
What is the value of (6 - (15 + -18)) + -4 + 1 + 2?
8
5 + (-2 - -4) - (24 + -35)
18
Calculate 89 - 96 - (1 + -1 + -6) - -13.
12
-24 - (8 - (23 + 40))
31
What is -2 + 5 - (12 - (-4 - (-4 + -7)))?
-2
Calculate (-15 + -5 - 6) + 41.
15
What is -63 - -71 - (5 + (7 - 14))?
10
Calculate -28 + 36 + -2 + 2.
8
What is the value of (8 - -1) + (-26 - (-8 + -21))?
12
Calculate 36 + (4 - (40 + -6)).
6
(7 + -13 - -14) + 3 - -8
19
Calculate (-33 - (1 + 2)) + (59 - 61).
-38
What is the value of -17 + -43 + 50 + 0 + -6?
-16
Evaluate 55 - 35 - 22 - (9 + (4 - 6)).
-9
Calculate -4 + (-1 + 3 - 0) + (-15 - -9).
-8
What is -14 + 5 - (-2 - (-9 - -7))?
-9
What is 3 + (-15 - (-13 - -8)) - (2 + -1)?
-8
What is 1 + 5 + 8 + -7 + -13?
-6
Evaluate -9 - -4 - -26 - 39.
-18
What is 88 - 75 - (21 - -3 - 9)?
-2
What is (16 - 1) + -28 - 3?
-16
Evaluate (1 + -15 - -7) + 9 - (1 + 12).
-11
Calculate 5 + (-7 - 4) - -16.
10
Calculate -13 + -19 + (-20 - -39).
-13
-1 - -2 - (257 + -247)
-9
26 + 4 + -5 + -7 + 19
37
Evaluate -14 + (27 - 10) + 4 + -12.
-5
-11 - (-1 + -11 + -3)
4
Evaluate -27 - -4 - -5 - (-43 - -29).
-4
Calculate (-1 - 10) + 2 + (-26 + 11 - -31).
7
Calculate (22 - (-6 - -46)) + 1.
-17
Evaluate 3 - (-10 + 12 + -17 + -2 + 2).
18
Evaluate -17 + -1 - -16 - (-3 + 1).
0
Evaluate -6 - (3 + 1) - -9.
-1
What is -42 - 1 - (11 + -42 - -13)?
-25
-25 + (-3 - -17) + -14
-25
4 + (0 - (-3 - (-8 - -8)) - -6)
13
Evaluate 10 - (-26 + -27 + 43).
20
Evaluate 12 - 1 - (13 + (-19 - -12)).
5
(-6 - (-2 + -16)) + -6
6
What is -32 + 33 + -43 - -59?
17
What is -4 + 11 - (13 + -10 + -2)?
6
Calculate 110 - 50 - 46 - (-1 - 9).
24
Calculate (-2 - (17 + -34)) + -7.
8
325 + -325 - (-14 + 1)
13
What is the value of -6 + -8 + 0 + (42 - (-5 + 13))?
20
What is 12 - (2 - 4 - (12 - 19))?
7
What is -16 + 1 + 43 + -27 - 24?
-23
Calculate -1 + (42 + -25 - (2 - (-1 - -5))).
18
What is the value of 7 - 1 - ((3 - 0) + (-15 - -1))?
17
-11 + (-8 - ((-10 - 1) + (55 - 57)))
-6
-14 + -18 + 27 + 12 - 1
6
-13 + 20 + 7 + (5 - -2)
21
Calculate (-9 - (5 + -14)) + (16 - 19).
-3
What is (23 + -18 - -18) + -27?
-4
What is -19 + (-17 - (-19 - 1)) + (1 - -8)?
-7
Evaluate 1 - 5 - (12 + 2 - (128 + -122)).
-12
Calculate -8 + 10 + 2 - (-5 + (-2 - -10)).
1
What is -2 + (3 - 4 - -1)?
-2
-3 - (19 + -16 - 18)
12
29 + ((7 - 7) + 2 + -7 - 1)
23
Calculate -7 + 7 - 9 - (-6 - (5 - 13)).
-11
Calculate (16 - 6 - 19 - 3) + -2.
-14
Evaluate (1 - (3 + 0)) + 56 + -48 + 1.
7
-21 + (36 + -23 - -8)
0
What is (-47 + 32 - -29) + -29?
-15
What is the value of -20 + 18 + -21 + (-3 - -13)?
-13
What is (-22 - 12) + 16 - -23?
5
What is (0 - 0) + 34 + -11 + -5 - 8?
10
What is the value of 14 + 35 + (-7 - 17)?
25
Calculate (-4 - -6) + (74 - 52 - (-1 - -4)).
21
What is 39 + (-1 - 4) - (3 - 9 - -16)?
24
-86 + 83 + (0 - -1)
-2
Evaluate 0 - -6 - (1 + 2 + 13) - 8.
-18
Calculate -14 - (3 + -11) - 10 - -11.
-5
Evaluate -9 - (1 - (-1 + (1 - 2))).
-12
7 + 11 + (-10 - 6)
2
Calculate 8 + 2 + -32 + (18 - (6 - -2)).
-12
What is 23 - (-25 + 4 + 31)?
13
Evaluate 7 - ((-24 - (-10 + -3)) + 37 + -1).
-18
-54 + 9 - (-30 - -7)
-22
-13 - (12 + -36 + 11) - (0 + -11)
11
Evaluate -12 + 8 + (-11 - -7) + 5.
-3
(100 - 81) + -22 + 26 + -1
22
-11 + (1 - 3 - -30) - -2
19
Evaluate (-18 - 1) + (679 - 657).
3
What is -13 + (0 + (2 - (2 + 3)) - -6)?
-10
What is (-4 - -6) + (29 - 42)?
-11
What is -4 + 17 - ((21 - 0) + -27)?
19
Calculate (32 - 19) + (-5 - 0) + (1 - 1).
8
0 - (15 - 6 - -4)
-13
Calculate -16 - (-6 + 2 - -2) - -8.
-6
What is the value of 61 + -61 + 23 - (14 + 1)?
8
What is (12 + (-3 - 5) - 3 - 8) + 3?
-4
Calculate (7 - 7) + (4 - 10).
-6
Evaluate -7 - 3 - 4 - (-11 + 3).
-6
What is the value of 12 + -2 - (1 + 13)?
-4
Evaluate -25 + 32 + 1 + -13.
-5
What is -8 + (22 - 16) + -2 + -1 + -5?
-10
Evaluate (1 - 5) + (1 + 11 - 15) + -5.
-12
-19 - (-39 + 21) - (6 + 3 + -4)
-6
Calculate 18 - 1 - (6 - ((20 - -1) + -14)).
18
Calculate -18 + -1 + -121 + 138.
-2
Evaluate (-4 + 7 - (-1 - (2 + 10))) + -3.
13
4 + 10 + -16 - -2
0
Calculate -2 - (0 + 25 + -26 + 41 + -24).
-18
4 - (-10 + -20 - -20)
14
What is 4 + 2 + -11 + 5 + 3?
3
What is 57 + -88 - (-23 - 7)?
-1
Calculate 14 + (-8 - -3) + 3 + 1 + -3.
10
Evaluate (26 - 62) + 23 + -2.
-15
What is the value of (69 - 32) + -39 + (14 - -1)?
13
Calculate -3 - (7 - (20 + -20 - (1 + 0))).
-11
-213 + 212 + 2 + -6 + 0
-5
3 + -1 - (2 + (-7 - -1))
6
What is (-23 - -14) + 48 + -27?
12
What is the value of -2 - (2 + -2 - (20 - 18)) - -6?
6
What is the value of 2 - 3 - 22 - 8 - -11?
-20
What is the value of 8 - ((16 - -26) + -18)?
-16
What is 15 + -11 + -11 + 13?
6
Calculate (17 - 28) + -1 + (4 + -3 - -4).
-7
Evaluate -2 + 6 - 3 - 2 - (-102 - -96).
5
What is the value of -4 + (-8 + 3 - (2 + (-2 - 3)))?
-6
What is -9 + 39 - -10 - 57?
-17
What is the value of (0 - 0) + (-118 - -122) + 15?
19
Evaluate (13 - (17 - -7)) + 17.
6
Calculate -5 + -2 + 1 - (12 - 28).
10
(-9 - 1) + (8 - 9 - -18 - 26)
-19
What is 23 - (8 + 1) - 10?
4
What is 130 - 159 - (-6 - -3)?
-26
What is the value of -6 + 1 - 1 - (-53 - (-79 - -31))?
-1
Calculate -8 - (9 - (1 - -19)).
3
What is the value of 53 - (90 - (48 - 1))?
10
9 - (-6 - (-15 + (9 - 4)) - 4)
9
Evaluate -8 + 5 + -9 - (6 - -2 - 15).
-5
Evaluate 6 - (15 + 7 + -26).
10
-31 + 30 - (-2 - -4) - 7
-10
Calculate -20 + (72 - (47 - 11)).
16
Evaluate 0 + 8 + (5 + 4 + -28 - -12).
1
Evaluate 8 - (2 - -2 - 7) - (32 - 36).
15
What is -8 + 1 + (-5 - -4) - -6 - 8?
-10
Evaluate (0 - 2) + (-1 - 7 - (-225 + 196)).
19
What is the value of 5 + -12 + 13 + -7?
-1
Calculate -11 - (-11 + (8 - 9)) - (-31 - 1).
33
What is (10 - -13) + (-8 - -9 - 5)?
19
What is the value of (0 - (6 - 24 - 0)) + -7?
11
Evaluate -13 - (-3 - (26 - (19 + -5))).
2
(-43 - -45) + (6 - 1) + -18
-11
What is -1 + (0 - -3 - 0) + -5 + -7?
-10
Evaluate (-281 - -265) + 23 + 3.
10
What is the value of (13 - 29) + 17 + 9?
10
Calculate -2 + (0 - 0 - -6 - (3 - -5)).
-4
Calculate -3 + (-2 + 2 - 1 - (-8 + 3)).
1
Calculate -6 - (1 - (0 + 0 + 1)) - -7.
1
Evaluate (-11 - 5) + 4 + -13 + 2.
-23
Cal